ate the remainder when x(2) is divided by ((-9)/2)/((-3)/18).
16
Let v(w) = 171*w - 2350. What is the remainder when v(16) is divided by 94?
10
Suppose 4*d - 8 = w, -4*w = w - d - 36. Suppose -18*v + 4*q = -15*v - 736, 2*q + w = 0. What is the remainder when v is divided by 41?
35
Let g(m) be the third derivative of -19*m**4/24 + m**3/3 + 167*m**2. Suppose r + 2*r + 9 = 0. What is the remainder when g(r) is divided by 15?
14
Suppose 2*i = 6*i - 8. Suppose -i*o + 1968 = 2*o. Suppose -2*f = 4*f - o. What is the remainder when f is divided by 17?
14
Let r(c) = 11*c - 14. Let m be 3 - -7 - 4 - 2. Calculate the remainder when (-2)/(-2) - (-1 - 53) - -2 is divided by r(m).
27
Let g(v) = -40*v - 11. Let r be g(-4). Suppose 0 = 12*t - r - 31. Suppose t*z - 23*z = -80. Calculate the remainder when 65 is divided by z.
5
Let q = -11952 + 11965. What is the remainder when 15 is divided by q?
2
Suppose -53*d + 50*d + z = -7119, 7*d - 16615 = z. What is the remainder when d is divided by 36?
34
Let o = 4238 + -4199. Calculate the remainder when 659 is divided by o.
35
Suppose 5*i - 42 = 78. Let l = 70463 - 70445. What is the remainder when i is divided by l?
6
Let k(m) = -4*m + 1. Suppose 105*h = 100*h + 10. Suppose 0 = -h*x - x + 12, 0 = 5*t - 5*x - 220. What is the remainder when t is divided by k(-4)?
14
Let c = 1331 + -1262. What is the remainder when 1469 is divided by c?
20
Let s be 3 - (2 - (-8)/(-4)). Let q(w) = -w**2 + 15*w + 5. What is the remainder when 4 + (-1)/(-3)*s is divided by q(15)?
0
Let k(a) = a**3 + 110*a**2 + 2179*a - 120. What is the remainder when k(-84) is divided by 71?
16
Let v(i) = -3*i - 72 + 11*i - 4*i - i. Let o be v(22). What is the remainder when 4 is divided by (0 + 12)*-7*o/126?
0
Suppose 409*c - 406*c = 198. Suppose 5*l + 196 = 19*l. Calculate the remainder when c is divided by l.
10
Suppose -89 = -12*b + 11*b + 3*f, -5*f = -3*b + 263. Suppose -98 - 47 = -5*w. What is the remainder when b is divided by w?
28
Suppose 24*t = -32*t. Suppose p + p - 2*v - 4 = 0, -5*p = -v - 22. Suppose t = -p*o + 4*o + 12. What is the remainder when 59 is divided by o?
11
Suppose -35*h - 13738 + 115045 + 49753 = 0. Calculate the remainder when h is divided by 10.
6
Let o(g) = 17 - 3*g + 3*g + 11 + g. Let j be 2/(-20) + 2 + 1032/(-80). What is the remainder when 99 is divided by o(j)?
14
Suppose 9*n - 14*n - 430 = -5*v, -324 = -4*v - n. Suppose 3*z - 1 = 11. Suppose -21 = -r - z. Calculate the remainder when v is divided by r.
14
Let w(t) = 3*t**2 + 33*t + 12. Let u be w(-10). Suppose -8*p - 36 = -164. Calculate the remainder when (24/u)/(6/(-711)) is divided by p.
14
Suppose -w + 0*p + 6 = -2*p, 2*w + 4*p = -12. Suppose -x - 3*k + 54 = w, 148 + 54 = 5*x - 2*k. Calculate the remainder when 456 is divided by x.
36
Let s be 2/4*-1*(4 + -6). Let h be 6*s - (2 + 1). Suppose -n = v - 2, -4*v = -n - h - 0. What is the remainder when n is divided by 1?
0
Suppose -194*d + 4254 = -191*d + 3*q, 5744 = 4*d - 5*q. Calculate the remainder when d is divided by 708.
10
Let i(t) = 2*t**3 + 12*t**2 - 22*t - 134. Calculate the remainder when 1108 is divided by i(-5).
16
Let n = -13 + 15. Suppose n*b - 44 = -4*q, -2*b = 2*q - 6*q - 28. Calculate the remainder when (5 + 4 + -8)*35 is divided by b.
17
Let j(q) be the second derivative of -q**5/20 - 9*q**4/4 - q**3/6 - 19*q**2/2 - 25*q - 3. Calculate the remainder when 333 is divided by j(-27).
5
Let n(k) = -4*k**2 + 5*k**2 - 20 + 2*k**2 + 4. Let s be n(-7). Let m = -102 + s. Calculate the remainder when m is divided by 12.
5
Let f = 213 - 202. Suppose f*l - 7059 = -2*l. What is the remainder when l is divided by 26?
23
Suppose -49*y + 57650 = 5*m - 44*y, 11536 = m - y. What is the remainder when m is divided by 20?
13
Let d(s) = 33*s + 33. Let i be d(9). Let r = i + -318. Calculate the remainder when 4/16 - (-262)/8 is divided by r.
9
Calculate the remainder when -8 + (-13 - (-3186)/9) is divided by 121.
91
Suppose -2*o - 124 = 66. Let l = -61 - o. Suppose 2*v - 343 = 3*i, -106*i + 103*i - 9 = 0. Calculate the remainder when v is divided by l.
31
Let n(b) = -6*b + 197. Let l(r) = r**3 - 9*r**2 + 15*r + 2. Let v be l(7). What is the remainder when n(v) is divided by 76?
67
Calculate the remainder when (-462)/(-6) + 23 + -17 is divided by 73.
10
Let y(j) = -j**2 + 4*j + 12. Let x be y(-5). Let p = x - -83. Suppose 2*o + p = 136. What is the remainder when o is divided by 10?
3
Let y(o) = -4*o - 6. Let i = -20724 + 20905. Calculate the remainder when i is divided by y(-8).
25
Let b be -2 + 62/7 + (-3)/(-21). Let q(l) = -l**2 + 8*l + 6. Let r be q(b). Suppose 192 = r*i - 133. Calculate the remainder when i is divided by 15.
10
Let x = -643 - -2696. Let c = x - 1281. Calculate the remainder when c is divided by 25.
22
Suppose -21*w + 1050 + 1050 = 0. Calculate the remainder when 2796 is divided by w.
96
Let d(s) = -5*s**2 + 23*s - 115. Let y be d(12). Let w = -503 - y. What is the remainder when 219 is divided by w?
51
Suppose 3*q + 1237 - 3719 = -4*u, -5*q = u - 4165. Calculate the remainder when 1/(((-12)/(-4))/q) is divided by 40.
38
Let m = 61 + -20. Calculate the remainder when -11 + (-2338)/(-210) + 2368/15 + -7 is divided by m.
28
Suppose 2*b - 8 - 2 = 0. Suppose 4*r = 2*h - 246, b*r - 3*r - 131 = -h. Calculate the remainder when h is divided by 22.
17
Let l(i) = -2*i - 10. Let j = -922 + 938. Calculate the remainder when j is divided by l(-8).
4
Let n = 9189 - 7922. Calculate the remainder when n is divided by 29.
20
Let p = -104 - -362. Suppose 4*c + 61 = 5*x + p, 0 = -3*x - 3. What is the remainder when c is divided by (-13)/((-702)/984) - 4/18?
12
Suppose 6*d + l - 311 = 4*d, d + 5*l = 169. Suppose d = -87*g + 89*g. Calculate the remainder when g is divided by 33.
11
Let h(s) = -s**3 - 10*s**2 - 15*s + 6. Let i be h(-2). Suppose w - 124 = -i*y, 0 = -3*y - w - 2*w + 93. What is the remainder when 82 is divided by y?
20
Let d = 258 + -256. Calculate the remainder when (-41814)/(-404) + 3/(-2) is divided by d.
0
Let m = -227 + -35. Let q = 467 + m. What is the remainder when q is divided by ((-1)/(-2))/((-4)/(-416))?
49
Suppose 0 = -7*j + 42899 - 39182. What is the remainder when 538 is divided by j?
7
Let a be (-897)/(-6) + 5/10. Let v = 164 - a. Calculate the remainder when 19 is divided by v.
5
Let j = -6680 + 9124. Calculate the remainder when j is divided by 153.
149
What is the remainder when 4863 is divided by (13 + 2015/(-91))/((-8)/28)?
31
Let y(n) = -333*n - 78. What is the remainder when y(-4) is divided by 74?
70
Suppose -19*r + 11733 - 3677 = 0. Suppose -232 = -432*u + r*u. Calculate the remainder when u is divided by 19.
10
Let v(n) = -n**2 + 15*n + 66. Suppose 0 = 21*u - 206 - 67. Calculate the remainder when v(u) is divided by 25.
17
Suppose -4*y + 294 = 3*y. Let o = 87 - -69. What is the remainder when o is divided by y?
30
Let u(h) = 6*h**3 - 2*h**2 + 4*h - 3. Suppose -3*z - 2*z = -10. What is the remainder when u(z) is divided by (-11 - -4)/(-3 - (-10 + -10)/10)?
3
Let g be ((-4)/2)/(2/(-12)*3). Suppose -g*i = -11*i + 14. Suppose -113 = -i*z + 17. Calculate the remainder when z is divided by 34.
31
Let w(g) = 112*g**2 - 2430*g + 46. What is the remainder when w(22) is divided by 159?
158
Let c(x) = -x**2 + 15*x - 12. Suppose 5*a + 396 = -6*a. Let f be 8/a + (-330)/(-27). Calculate the remainder when c(f) is divided by 15.
9
Let l = -11110 + 20454. What is the remainder when l is divided by 15?
14
Let l(d) = -d**3 - 13*d**2 - 23*d + 18. Let m be l(-11). Suppose -21*q = -m*q + 96. Calculate the remainder when 26 is divided by q.
2
Suppose -4*y + 0*y + 953 = h, 4*y - 962 = 2*h. What is the remainder when y is divided by 86?
67
Let w(z) = -z**2 - 53*z - 134. Let c be w(-49). Suppose 6*f + c = 182. What is the remainder when 219 is divided by f?
19
Let o(l) = -l**3 - 19*l**2 + 10*l - 78. What is the remainder when 240 is divided by o(-20)?
118
Let p = 3401 + -3296. Calculate the remainder when 112 is divided by p.
7
Let r be (-488)/7 - 4*1/14. Let l = r - -89. What is the remainder when l is divided by 4?
3
What is the remainder when 322 is divided by (-39780)/(-600) + 18/(-60)?
58
Suppose -6 = -0*h - h. Let q = h + 20. Suppose -12*n = -5*w - 1593, -n + 4*w - 5*w + 120 = 0. Calculate the rema